{"id":15,"date":"2024-03-20T13:56:03","date_gmt":"2024-03-20T16:56:03","guid":{"rendered":"https:\/\/drgibransaid.com.br\/?page_id=15"},"modified":"2025-07-26T15:06:46","modified_gmt":"2025-07-26T18:06:46","slug":"localizacao","status":"publish","type":"page","link":"https:\/\/drgibransaid.com.br\/index.php\/localizacao\/","title":{"rendered":"Localiza\u00e7\u00e3o"},"content":{"rendered":"\t\t<div data-elementor-type=\"wp-page\" data-elementor-id=\"15\" class=\"elementor elementor-15\">\n\t\t\t\t<div class=\"elementor-element elementor-element-cc9298d e-flex e-con-boxed e-con e-parent\" data-id=\"cc9298d\" data-element_type=\"container\" data-e-type=\"container\" data-settings=\"{&quot;background_background&quot;:&quot;classic&quot;}\">\n\t\t\t\t\t<div class=\"e-con-inner\">\n\t\t<div class=\"elementor-element elementor-element-1cbdaa5 e-con-full e-flex e-con e-child\" data-id=\"1cbdaa5\" data-element_type=\"container\" data-e-type=\"container\" data-settings=\"{&quot;background_background&quot;:&quot;classic&quot;}\">\n\t\t\t\t<div class=\"elementor-element elementor-element-bd79369 elementor-widget__width-inherit elementor-widget elementor-widget-heading\" data-id=\"bd79369\" data-element_type=\"widget\" data-e-type=\"widget\" data-widget_type=\"heading.default\">\n\t\t\t\t<div class=\"elementor-widget-container\">\n\t\t\t\t\t<h2 class=\"elementor-heading-title elementor-size-default\">Localiza\u00e7\u00e3o\n<\/h2>\t\t\t\t<\/div>\n\t\t\t\t<\/div>\n\t\t\t\t<\/div>\n\t\t\t\t\t<\/div>\n\t\t\t\t<\/div>\n\t\t<div class=\"elementor-element elementor-element-2613b1a e-flex e-con-boxed e-con e-parent\" data-id=\"2613b1a\" data-element_type=\"container\" data-e-type=\"container\">\n\t\t\t\t\t<div class=\"e-con-inner\">\n\t\t\t\t<div class=\"elementor-element elementor-element-94d0506 elementor-widget elementor-widget-heading\" data-id=\"94d0506\" data-element_type=\"widget\" data-e-type=\"widget\" data-widget_type=\"heading.default\">\n\t\t\t\t<div class=\"elementor-widget-container\">\n\t\t\t\t\t<h2 class=\"elementor-heading-title elementor-size-default\">Atendo na Cl\u00ednica Zenith Sa\u00fade, um espa\u00e7o pensado para oferecer conforto, tranquilidade e um atendimento verdadeiramente acolhedor.\nLocalizada em uma regi\u00e3o de f\u00e1cil acesso, a cl\u00ednica conta com ambiente climatizado, recep\u00e7\u00e3o confort\u00e1vel, estrutura moderna e uma equipe sempre pronta para receber voc\u00ea com cordialidade e aten\u00e7\u00e3o.\nAqui, cada detalhe foi planejado para que voc\u00ea se sinta bem, desde o primeiro contato at\u00e9 o momento da consulta. Valorizamos a humaniza\u00e7\u00e3o do atendimento e o cuidado com quem nos procura.\n<\/h2>\t\t\t\t<\/div>\n\t\t\t\t<\/div>\n\t\t\t\t<div class=\"elementor-element elementor-element-fbfd409 elementor-widget elementor-widget-google_maps\" data-id=\"fbfd409\" data-element_type=\"widget\" data-e-type=\"widget\" data-widget_type=\"google_maps.default\">\n\t\t\t\t<div class=\"elementor-widget-container\">\n\t\t\t\t\t\t\t<div class=\"elementor-custom-embed\">\n\t\t\t<iframe loading=\"lazy\"\n\t\t\t\t\tsrc=\"https:\/\/maps.google.com\/maps?q=Av.%20Bragan%C3%A7a%2C%2010%20-%20Dom%20Pedro%2C%20Cl%C3%ADnica%20Zenith%20Sa%C3%BAde%2C%20Manaus%20-%20AM%2C%2069040-390%2C%20Brasil&#038;t=m&#038;z=16&#038;output=embed&#038;iwloc=near\"\n\t\t\t\t\ttitle=\"Av. Bragan\u00e7a, 10 - Dom Pedro, Cl\u00ednica Zenith Sa\u00fade, Manaus - AM, 69040-390, Brasil\"\n\t\t\t\t\taria-label=\"Av. Bragan\u00e7a, 10 - Dom Pedro, Cl\u00ednica Zenith Sa\u00fade, Manaus - AM, 69040-390, Brasil\"\n\t\t\t><\/iframe>\n\t\t<\/div>\n\t\t\t\t\t\t<\/div>\n\t\t\t\t<\/div>\n\t\t\t\t\t<\/div>\n\t\t\t\t<\/div>\n\t\t<div class=\"elementor-element elementor-element-57ce5e6 e-flex e-con-boxed e-con e-parent\" data-id=\"57ce5e6\" data-element_type=\"container\" data-e-type=\"container\">\n\t\t\t\t\t<div class=\"e-con-inner\">\n\t\t<div class=\"elementor-element elementor-element-e988fdf e-con-full e-flex e-con e-child\" data-id=\"e988fdf\" data-element_type=\"container\" data-e-type=\"container\">\n\t\t\t\t<div class=\"elementor-element elementor-element-ae73da9 elementor-widget elementor-widget-image\" data-id=\"ae73da9\" data-element_type=\"widget\" data-e-type=\"widget\" data-widget_type=\"image.default\">\n\t\t\t\t<div class=\"elementor-widget-container\">\n\t\t\t\t\t\t\t\t\t\t\t\t\t\t\t<img fetchpriority=\"high\" decoding=\"async\" width=\"823\" height=\"1024\" src=\"https:\/\/drgibransaid.com.br\/wp-content\/uploads\/2025\/07\/PHOTO-2025-04-30-10-24-54-3-823x1024.jpg\" class=\"attachment-large size-large wp-image-2448\" alt=\"\" srcset=\"https:\/\/drgibransaid.com.br\/wp-content\/uploads\/2025\/07\/PHOTO-2025-04-30-10-24-54-3-823x1024.jpg 823w, https:\/\/drgibransaid.com.br\/wp-content\/uploads\/2025\/07\/PHOTO-2025-04-30-10-24-54-3-241x300.jpg 241w, https:\/\/drgibransaid.com.br\/wp-content\/uploads\/2025\/07\/PHOTO-2025-04-30-10-24-54-3-768x956.jpg 768w, https:\/\/drgibransaid.com.br\/wp-content\/uploads\/2025\/07\/PHOTO-2025-04-30-10-24-54-3.jpg 1081w\" sizes=\"(max-width: 823px) 100vw, 823px\" \/>\t\t\t\t\t\t\t\t\t\t\t\t\t\t\t<\/div>\n\t\t\t\t<\/div>\n\t\t\t\t<\/div>\n\t\t<div class=\"elementor-element elementor-element-c69f5d3 e-con-full e-flex e-con e-child\" data-id=\"c69f5d3\" data-element_type=\"container\" data-e-type=\"container\">\n\t\t<div class=\"elementor-element elementor-element-0ffd598 e-con-full e-flex e-con e-child\" data-id=\"0ffd598\" data-element_type=\"container\" data-e-type=\"container\">\n\t\t\t\t<div class=\"elementor-element elementor-element-ed3ca5c elementor-widget elementor-widget-image\" data-id=\"ed3ca5c\" data-element_type=\"widget\" data-e-type=\"widget\" data-widget_type=\"image.default\">\n\t\t\t\t<div class=\"elementor-widget-container\">\n\t\t\t\t\t\t\t\t\t\t\t\t\t\t\t<img decoding=\"async\" width=\"1024\" height=\"572\" src=\"https:\/\/drgibransaid.com.br\/wp-content\/uploads\/2025\/07\/PHOTO-2025-04-30-10-24-54-1024x572.jpg\" class=\"attachment-large size-large wp-image-2449\" alt=\"\" srcset=\"https:\/\/drgibransaid.com.br\/wp-content\/uploads\/2025\/07\/PHOTO-2025-04-30-10-24-54-1024x572.jpg 1024w, https:\/\/drgibransaid.com.br\/wp-content\/uploads\/2025\/07\/PHOTO-2025-04-30-10-24-54-300x168.jpg 300w, https:\/\/drgibransaid.com.br\/wp-content\/uploads\/2025\/07\/PHOTO-2025-04-30-10-24-54-768x429.jpg 768w, https:\/\/drgibransaid.com.br\/wp-content\/uploads\/2025\/07\/PHOTO-2025-04-30-10-24-54.jpg 1080w\" sizes=\"(max-width: 1024px) 100vw, 1024px\" \/>\t\t\t\t\t\t\t\t\t\t\t\t\t\t\t<\/div>\n\t\t\t\t<\/div>\n\t\t\t\t<\/div>\n\t\t<div class=\"elementor-element elementor-element-28c0df6 e-con-full e-flex e-con e-child\" data-id=\"28c0df6\" data-element_type=\"container\" data-e-type=\"container\">\n\t\t\t\t<div class=\"elementor-element elementor-element-8aaa66d elementor-widget elementor-widget-image\" data-id=\"8aaa66d\" data-element_type=\"widget\" data-e-type=\"widget\" data-widget_type=\"image.default\">\n\t\t\t\t<div class=\"elementor-widget-container\">\n\t\t\t\t\t\t\t\t\t\t\t\t\t\t\t<img decoding=\"async\" width=\"1024\" height=\"572\" src=\"https:\/\/drgibransaid.com.br\/wp-content\/uploads\/2025\/07\/PHOTO-2025-04-30-10-24-54-1024x572.jpg\" class=\"attachment-large size-large wp-image-2449\" alt=\"\" srcset=\"https:\/\/drgibransaid.com.br\/wp-content\/uploads\/2025\/07\/PHOTO-2025-04-30-10-24-54-1024x572.jpg 1024w, https:\/\/drgibransaid.com.br\/wp-content\/uploads\/2025\/07\/PHOTO-2025-04-30-10-24-54-300x168.jpg 300w, https:\/\/drgibransaid.com.br\/wp-content\/uploads\/2025\/07\/PHOTO-2025-04-30-10-24-54-768x429.jpg 768w, https:\/\/drgibransaid.com.br\/wp-content\/uploads\/2025\/07\/PHOTO-2025-04-30-10-24-54.jpg 1080w\" sizes=\"(max-width: 1024px) 100vw, 1024px\" \/>\t\t\t\t\t\t\t\t\t\t\t\t\t\t\t<\/div>\n\t\t\t\t<\/div>\n\t\t\t\t<\/div>\n\t\t\t\t<\/div>\n\t\t\t\t\t<\/div>\n\t\t\t\t<\/div>\n\t\t\t\t<\/div>\n\t\t","protected":false},"excerpt":{"rendered":"<p>Localiza\u00e7\u00e3o Atendo na Cl\u00ednica Zenith Sa\u00fade, um espa\u00e7o pensado para oferecer conforto, tranquilidade e um atendimento verdadeiramente acolhedor. Localizada em [&hellip;]<\/p>\n","protected":false},"author":1,"featured_media":0,"parent":0,"menu_order":0,"comment_status":"closed","ping_status":"closed","template":"","meta":{"site-sidebar-layout":"no-sidebar","site-content-layout":"","ast-site-content-layout":"full-width-container","site-content-style":"default","site-sidebar-style":"default","ast-global-header-display":"","ast-banner-title-visibility":"","ast-main-header-display":"","ast-hfb-above-header-display":"","ast-hfb-below-header-display":"","ast-hfb-mobile-header-display":"","site-post-title":"disabled","ast-breadcrumbs-content":"","ast-featured-img":"disabled","footer-sml-layout":"","theme-transparent-header-meta":"","adv-header-id-meta":"","stick-header-meta":"","header-above-stick-meta":"","header-main-stick-meta":"","header-below-stick-meta":"","astra-migrate-meta-layouts":"default","ast-page-background-enabled":"default","ast-page-background-meta":{"desktop":{"background-color":"var(--ast-global-color-4)","background-image":"","background-repeat":"repeat","background-position":"center center","background-size":"auto","background-attachment":"scroll","background-type":"","background-media":"","overlay-type":"","overlay-color":"","overlay-gradient":""},"tablet":{"background-color":"","background-image":"","background-repeat":"repeat","background-position":"center center","background-size":"auto","background-attachment":"scroll","background-type":"","background-media":"","overlay-type":"","overlay-color":"","overlay-gradient":""},"mobile":{"background-color":"","background-image":"","background-repeat":"repeat","background-position":"center center","background-size":"auto","background-attachment":"scroll","background-type":"","background-media":"","overlay-type":"","overlay-color":"","overlay-gradient":""}},"ast-content-background-meta":{"desktop":{"background-color":"var(--ast-global-color-5)","background-image":"","background-repeat":"repeat","background-position":"center center","background-size":"auto","background-attachment":"scroll","background-type":"","background-media":"","overlay-type":"","overlay-color":"","overlay-gradient":""},"tablet":{"background-color":"var(--ast-global-color-5)","background-image":"","background-repeat":"repeat","background-position":"center center","background-size":"auto","background-attachment":"scroll","background-type":"","background-media":"","overlay-type":"","overlay-color":"","overlay-gradient":""},"mobile":{"background-color":"var(--ast-global-color-5)","background-image":"","background-repeat":"repeat","background-position":"center center","background-size":"auto","background-attachment":"scroll","background-type":"","background-media":"","overlay-type":"","overlay-color":"","overlay-gradient":""}},"_joinchat":[],"footnotes":""},"class_list":["post-15","page","type-page","status-publish","hentry"],"_links":{"self":[{"href":"https:\/\/drgibransaid.com.br\/index.php\/wp-json\/wp\/v2\/pages\/15","targetHints":{"allow":["GET"]}}],"collection":[{"href":"https:\/\/drgibransaid.com.br\/index.php\/wp-json\/wp\/v2\/pages"}],"about":[{"href":"https:\/\/drgibransaid.com.br\/index.php\/wp-json\/wp\/v2\/types\/page"}],"author":[{"embeddable":true,"href":"https:\/\/drgibransaid.com.br\/index.php\/wp-json\/wp\/v2\/users\/1"}],"replies":[{"embeddable":true,"href":"https:\/\/drgibransaid.com.br\/index.php\/wp-json\/wp\/v2\/comments?post=15"}],"version-history":[{"count":73,"href":"https:\/\/drgibransaid.com.br\/index.php\/wp-json\/wp\/v2\/pages\/15\/revisions"}],"predecessor-version":[{"id":2522,"href":"https:\/\/drgibransaid.com.br\/index.php\/wp-json\/wp\/v2\/pages\/15\/revisions\/2522"}],"wp:attachment":[{"href":"https:\/\/drgibransaid.com.br\/index.php\/wp-json\/wp\/v2\/media?parent=15"}],"curies":[{"name":"wp","href":"https:\/\/api.w.org\/{rel}","templated":true}]}}