{"id":274,"date":"2024-03-23T01:36:47","date_gmt":"2024-03-23T04:36:47","guid":{"rendered":"https:\/\/drgibransaid.com.br\/?page_id=274"},"modified":"2025-07-28T20:33:28","modified_gmt":"2025-07-28T23:33:28","slug":"condicoes-e-tratamentos-2","status":"publish","type":"page","link":"https:\/\/drgibransaid.com.br\/index.php\/condicoes-e-tratamentos-2\/","title":{"rendered":"Condicoes e tratamentos"},"content":{"rendered":"\t\t<div data-elementor-type=\"wp-page\" data-elementor-id=\"274\" class=\"elementor elementor-274\">\n\t\t\t\t<div class=\"elementor-element elementor-element-b9ccd89 e-con-full e-flex e-con e-parent\" data-id=\"b9ccd89\" data-element_type=\"container\" data-e-type=\"container\" data-settings=\"{&quot;background_background&quot;:&quot;classic&quot;}\">\n\t\t<div class=\"elementor-element elementor-element-89bbff4 e-con-full e-flex e-con e-child\" data-id=\"89bbff4\" data-element_type=\"container\" data-e-type=\"container\" data-settings=\"{&quot;background_background&quot;:&quot;classic&quot;}\">\n\t\t\t\t<div class=\"elementor-element elementor-element-5c96b74 elementor-widget__width-inherit elementor-widget elementor-widget-heading\" data-id=\"5c96b74\" data-element_type=\"widget\" data-e-type=\"widget\" data-widget_type=\"heading.default\">\n\t\t\t\t<div class=\"elementor-widget-container\">\n\t\t\t\t\t<h2 class=\"elementor-heading-title elementor-size-default\">Condi\u00e7\u00f5es e tratamentos<\/h2>\t\t\t\t<\/div>\n\t\t\t\t<\/div>\n\t\t\t\t<\/div>\n\t\t\t\t<\/div>\n\t\t<div class=\"elementor-element elementor-element-9071423 e-flex e-con-boxed e-con e-parent\" data-id=\"9071423\" data-element_type=\"container\" data-e-type=\"container\">\n\t\t\t\t\t<div class=\"e-con-inner\">\n\t\t\t\t<div class=\"elementor-element elementor-element-7953f4b elementor-widget elementor-widget-text-editor\" data-id=\"7953f4b\" data-element_type=\"widget\" data-e-type=\"widget\" data-widget_type=\"text-editor.default\">\n\t\t\t\t<div class=\"elementor-widget-container\">\n\t\t\t\t\t\t\t\t\t<p>Nesta se\u00e7\u00e3o, voc\u00ea encontra as principais condi\u00e7\u00f5es relacionadas \u00e0 sa\u00fade dos rins que acompanho no consult\u00f3rio.Leia mais abaixo<\/p>\t\t\t\t\t\t\t\t<\/div>\n\t\t\t\t<\/div>\n\t\t\t\t\t<\/div>\n\t\t\t\t<\/div>\n\t\t<div class=\"elementor-element elementor-element-8e1f2d1 e-con-full e-flex e-con e-parent\" data-id=\"8e1f2d1\" data-element_type=\"container\" data-e-type=\"container\">\n\t\t<div class=\"elementor-element elementor-element-d0e1385 elementor-hidden-mobile e-con-full e-flex e-con e-child\" data-id=\"d0e1385\" data-element_type=\"container\" data-e-type=\"container\" data-settings=\"{&quot;background_background&quot;:&quot;classic&quot;}\">\n\t\t<div class=\"elementor-element elementor-element-b888586 e-grid e-con-full e-con e-child\" data-id=\"b888586\" data-element_type=\"container\" data-e-type=\"container\" data-settings=\"{&quot;background_background&quot;:&quot;classic&quot;}\">\n\t\t\t\t<div class=\"elementor-element elementor-element-b0639aa elementor-widget elementor-widget-image\" data-id=\"b0639aa\" data-element_type=\"widget\" data-e-type=\"widget\" data-widget_type=\"image.default\">\n\t\t\t\t<div class=\"elementor-widget-container\">\n\t\t\t\t\t\t\t\t\t\t\t\t\t\t\t<img decoding=\"async\" width=\"150\" height=\"150\" src=\"https:\/\/drgibransaid.com.br\/wp-content\/uploads\/2025\/06\/PHOTO-2025-06-25-19-31-43-150x150.jpg\" class=\"attachment-thumbnail size-thumbnail wp-image-2188\" alt=\"\" srcset=\"https:\/\/drgibransaid.com.br\/wp-content\/uploads\/2025\/06\/PHOTO-2025-06-25-19-31-43-150x150.jpg 150w, https:\/\/drgibransaid.com.br\/wp-content\/uploads\/2025\/06\/PHOTO-2025-06-25-19-31-43-300x300.jpg 300w, https:\/\/drgibransaid.com.br\/wp-content\/uploads\/2025\/06\/PHOTO-2025-06-25-19-31-43-768x768.jpg 768w, https:\/\/drgibransaid.com.br\/wp-content\/uploads\/2025\/06\/PHOTO-2025-06-25-19-31-43.jpg 1024w\" sizes=\"(max-width: 150px) 100vw, 150px\" \/>\t\t\t\t\t\t\t\t\t\t\t\t\t\t\t<\/div>\n\t\t\t\t<\/div>\n\t\t\t\t<div class=\"elementor-element elementor-element-29aeea1 elementor-widget elementor-widget-image\" data-id=\"29aeea1\" data-element_type=\"widget\" data-e-type=\"widget\" data-widget_type=\"image.default\">\n\t\t\t\t<div class=\"elementor-widget-container\">\n\t\t\t\t\t\t\t\t\t\t\t\t\t\t\t<img decoding=\"async\" width=\"150\" height=\"150\" src=\"https:\/\/drgibransaid.com.br\/wp-content\/uploads\/2025\/06\/PHOTO-2025-06-25-19-32-03-150x150.jpg\" class=\"attachment-thumbnail size-thumbnail wp-image-2189\" alt=\"\" \/>\t\t\t\t\t\t\t\t\t\t\t\t\t\t\t<\/div>\n\t\t\t\t<\/div>\n\t\t\t\t<div class=\"elementor-element elementor-element-152b71f elementor-widget elementor-widget-image\" data-id=\"152b71f\" data-element_type=\"widget\" data-e-type=\"widget\" data-widget_type=\"image.default\">\n\t\t\t\t<div class=\"elementor-widget-container\">\n\t\t\t\t\t\t\t\t\t\t\t\t\t\t\t<img decoding=\"async\" width=\"150\" height=\"150\" src=\"https:\/\/drgibransaid.com.br\/wp-content\/uploads\/2025\/06\/PHOTO-2025-06-25-19-32-15-150x150.jpg\" class=\"attachment-thumbnail size-thumbnail wp-image-2183\" alt=\"\" srcset=\"https:\/\/drgibransaid.com.br\/wp-content\/uploads\/2025\/06\/PHOTO-2025-06-25-19-32-15-150x150.jpg 150w, https:\/\/drgibransaid.com.br\/wp-content\/uploads\/2025\/06\/PHOTO-2025-06-25-19-32-15-300x300.jpg 300w, https:\/\/drgibransaid.com.br\/wp-content\/uploads\/2025\/06\/PHOTO-2025-06-25-19-32-15-768x768.jpg 768w, https:\/\/drgibransaid.com.br\/wp-content\/uploads\/2025\/06\/PHOTO-2025-06-25-19-32-15.jpg 1024w\" sizes=\"(max-width: 150px) 100vw, 150px\" \/>\t\t\t\t\t\t\t\t\t\t\t\t\t\t\t<\/div>\n\t\t\t\t<\/div>\n\t\t\t\t<div class=\"elementor-element elementor-element-d4cfb21 elementor-widget elementor-widget-text-editor\" data-id=\"d4cfb21\" data-element_type=\"widget\" data-e-type=\"widget\" data-widget_type=\"text-editor.default\">\n\t\t\t\t<div class=\"elementor-widget-container\">\n\t\t\t\t\t\t\t\t\t<p>Glomerulonefrites<\/p><p style=\"font-weight: 400;\">Inflama\u00e7\u00f5es dos glom\u00e9rulos (estruturas filtrantes dos rins) que exigem investiga\u00e7\u00e3o detalhada e tratamento especializado para preservar a fun\u00e7\u00e3o renal.<\/p>\t\t\t\t\t\t\t\t<\/div>\n\t\t\t\t<\/div>\n\t\t\t\t<div class=\"elementor-element elementor-element-a6ce7e9 elementor-widget elementor-widget-text-editor\" data-id=\"a6ce7e9\" data-element_type=\"widget\" data-e-type=\"widget\" data-widget_type=\"text-editor.default\">\n\t\t\t\t<div class=\"elementor-widget-container\">\n\t\t\t\t\t\t\t\t\t<p>Dist\u00fabios eletrol\u00edticos\u00a0<\/p><p>Desequil\u00edbrios nos n\u00edveis de s\u00f3dio, pot\u00e1ssio, c\u00e1lcio e outros eletr\u00f3litos podem colocar a sa\u00fade em risco. O tratamento busca corrigir esses n\u00edveis com seguran\u00e7a.<\/p>\t\t\t\t\t\t\t\t<\/div>\n\t\t\t\t<\/div>\n\t\t\t\t<div class=\"elementor-element elementor-element-a12997f elementor-widget elementor-widget-text-editor\" data-id=\"a12997f\" data-element_type=\"widget\" data-e-type=\"widget\" data-widget_type=\"text-editor.default\">\n\t\t\t\t<div class=\"elementor-widget-container\">\n\t\t\t\t\t\t\t\t\t<p>Infec\u00e7\u00e3o urin\u00e1ria<\/p><p style=\"font-weight: 400;\">Infec\u00e7\u00f5es recorrentes do trato urin\u00e1rio podem afetar os rins e devem ser avaliadas por um especialista para preven\u00e7\u00e3o de danos renais permanentes.<\/p><p>\u00a0<\/p>\t\t\t\t\t\t\t\t<\/div>\n\t\t\t\t<\/div>\n\t\t\t\t<\/div>\n\t\t\t\t<\/div>\n\t\t\t\t<\/div>\n\t\t<div class=\"elementor-element elementor-element-6ef85dd e-con-full e-flex e-con e-parent\" data-id=\"6ef85dd\" data-element_type=\"container\" data-e-type=\"container\">\n\t\t<div class=\"elementor-element elementor-element-1c31fac elementor-hidden-mobile e-con-full e-flex e-con e-child\" data-id=\"1c31fac\" data-element_type=\"container\" data-e-type=\"container\" data-settings=\"{&quot;background_background&quot;:&quot;classic&quot;}\">\n\t\t<div class=\"elementor-element elementor-element-a8631b4 e-grid e-con-boxed e-con e-child\" data-id=\"a8631b4\" data-element_type=\"container\" data-e-type=\"container\">\n\t\t\t\t\t<div class=\"e-con-inner\">\n\t\t\t\t<div class=\"elementor-element elementor-element-0b78167 elementor-widget elementor-widget-image\" data-id=\"0b78167\" data-element_type=\"widget\" data-e-type=\"widget\" data-widget_type=\"image.default\">\n\t\t\t\t<div class=\"elementor-widget-container\">\n\t\t\t\t\t\t\t\t\t\t\t\t\t\t\t<img loading=\"lazy\" decoding=\"async\" width=\"150\" height=\"150\" src=\"https:\/\/drgibransaid.com.br\/wp-content\/uploads\/2025\/06\/PHOTO-2025-06-25-19-32-31-150x150.jpg\" class=\"attachment-thumbnail size-thumbnail wp-image-2184\" alt=\"\" \/>\t\t\t\t\t\t\t\t\t\t\t\t\t\t\t<\/div>\n\t\t\t\t<\/div>\n\t\t\t\t<div class=\"elementor-element elementor-element-a601ce2 elementor-widget elementor-widget-image\" data-id=\"a601ce2\" data-element_type=\"widget\" data-e-type=\"widget\" data-widget_type=\"image.default\">\n\t\t\t\t<div class=\"elementor-widget-container\">\n\t\t\t\t\t\t\t\t\t\t\t\t\t\t\t<img loading=\"lazy\" decoding=\"async\" width=\"150\" height=\"150\" src=\"https:\/\/drgibransaid.com.br\/wp-content\/uploads\/2025\/06\/PHOTO-2025-06-25-19-32-42-150x150.jpg\" class=\"attachment-thumbnail size-thumbnail wp-image-2185\" alt=\"\" \/>\t\t\t\t\t\t\t\t\t\t\t\t\t\t\t<\/div>\n\t\t\t\t<\/div>\n\t\t\t\t<div class=\"elementor-element elementor-element-59b2b46 elementor-widget elementor-widget-image\" data-id=\"59b2b46\" data-element_type=\"widget\" data-e-type=\"widget\" data-widget_type=\"image.default\">\n\t\t\t\t<div class=\"elementor-widget-container\">\n\t\t\t\t\t\t\t\t\t\t\t\t\t\t\t<img loading=\"lazy\" decoding=\"async\" width=\"150\" height=\"150\" src=\"https:\/\/drgibransaid.com.br\/wp-content\/uploads\/2025\/06\/PHOTO-2025-06-25-19-32-57-150x150.jpg\" class=\"attachment-thumbnail size-thumbnail wp-image-2186\" alt=\"\" srcset=\"https:\/\/drgibransaid.com.br\/wp-content\/uploads\/2025\/06\/PHOTO-2025-06-25-19-32-57-150x150.jpg 150w, https:\/\/drgibransaid.com.br\/wp-content\/uploads\/2025\/06\/PHOTO-2025-06-25-19-32-57-300x300.jpg 300w, https:\/\/drgibransaid.com.br\/wp-content\/uploads\/2025\/06\/PHOTO-2025-06-25-19-32-57-768x768.jpg 768w, https:\/\/drgibransaid.com.br\/wp-content\/uploads\/2025\/06\/PHOTO-2025-06-25-19-32-57.jpg 1024w\" sizes=\"(max-width: 150px) 100vw, 150px\" \/>\t\t\t\t\t\t\t\t\t\t\t\t\t\t\t<\/div>\n\t\t\t\t<\/div>\n\t\t\t\t<div class=\"elementor-element elementor-element-ba9bdb0 elementor-widget elementor-widget-text-editor\" data-id=\"ba9bdb0\" data-element_type=\"widget\" data-e-type=\"widget\" data-widget_type=\"text-editor.default\">\n\t\t\t\t<div class=\"elementor-widget-container\">\n\t\t\t\t\t\t\t\t\t<p>Insufici\u00eancia renal aguda<\/p><p>Condi\u00e7\u00e3o caracterizada pela perda r\u00e1pida da fun\u00e7\u00e3o renal. Requer diagn\u00f3stico preciso e tratamento imediato para evitar complica\u00e7\u00f5es graves.<\/p>\t\t\t\t\t\t\t\t<\/div>\n\t\t\t\t<\/div>\n\t\t\t\t<div class=\"elementor-element elementor-element-8c3d740 elementor-widget elementor-widget-text-editor\" data-id=\"8c3d740\" data-element_type=\"widget\" data-e-type=\"widget\" data-widget_type=\"text-editor.default\">\n\t\t\t\t<div class=\"elementor-widget-container\">\n\t\t\t\t\t\t\t\t\t<p>Nefrolit\u00edase\u00a0<\/p><p>Caracterizada pela forma\u00e7\u00e3o de c\u00e1lculos renais, essa condi\u00e7\u00e3o pode causar dor intensa e infec\u00e7\u00e3o. O tratamento inclui preven\u00e7\u00e3o de novas crises e investiga\u00e7\u00e3o das causas.<\/p>\t\t\t\t\t\t\t\t<\/div>\n\t\t\t\t<\/div>\n\t\t\t\t<div class=\"elementor-element elementor-element-08ed805 elementor-widget elementor-widget-text-editor\" data-id=\"08ed805\" data-element_type=\"widget\" data-e-type=\"widget\" data-widget_type=\"text-editor.default\">\n\t\t\t\t<div class=\"elementor-widget-container\">\n\t\t\t\t\t\t\t\t\t<p>Insufici\u00eancia renal cr\u00f4nica<\/p><p>Doen\u00e7a progressiva que compromete a fun\u00e7\u00e3o dos rins ao longo do tempo. O acompanhamento com nefrologista \u00e9 essencial para retardar sua evolu\u00e7\u00e3o e melhorar a qualidade de vida.\u00a0<\/p>\t\t\t\t\t\t\t\t<\/div>\n\t\t\t\t<\/div>\n\t\t\t\t\t<\/div>\n\t\t\t\t<\/div>\n\t\t\t\t<\/div>\n\t\t\t\t<\/div>\n\t\t<div class=\"elementor-element elementor-element-31e30d7 e-con-full e-flex e-con e-parent\" data-id=\"31e30d7\" data-element_type=\"container\" data-e-type=\"container\">\n\t\t<div class=\"elementor-element elementor-element-9ebf89f elementor-hidden-mobile e-con-full e-flex e-con e-child\" data-id=\"9ebf89f\" data-element_type=\"container\" data-e-type=\"container\" data-settings=\"{&quot;background_background&quot;:&quot;classic&quot;}\">\n\t\t<div class=\"elementor-element elementor-element-04f3f22 e-grid e-con-boxed e-con e-child\" data-id=\"04f3f22\" data-element_type=\"container\" data-e-type=\"container\">\n\t\t\t\t\t<div class=\"e-con-inner\">\n\t\t\t\t<div class=\"elementor-element elementor-element-6d14fab elementor-widget elementor-widget-image\" data-id=\"6d14fab\" data-element_type=\"widget\" data-e-type=\"widget\" data-widget_type=\"image.default\">\n\t\t\t\t<div class=\"elementor-widget-container\">\n\t\t\t\t\t\t\t\t\t\t\t\t\t\t\t<img loading=\"lazy\" decoding=\"async\" width=\"150\" height=\"150\" src=\"https:\/\/drgibransaid.com.br\/wp-content\/uploads\/2025\/06\/PHOTO-2025-06-25-19-33-11-150x150.jpg\" class=\"attachment-thumbnail size-thumbnail wp-image-2187\" alt=\"\" \/>\t\t\t\t\t\t\t\t\t\t\t\t\t\t\t<\/div>\n\t\t\t\t<\/div>\n\t\t\t\t<div class=\"elementor-element elementor-element-9570e7f elementor-widget elementor-widget-image\" data-id=\"9570e7f\" data-element_type=\"widget\" data-e-type=\"widget\" data-widget_type=\"image.default\">\n\t\t\t\t<div class=\"elementor-widget-container\">\n\t\t\t\t\t\t\t\t\t\t\t\t\t\t\t<img loading=\"lazy\" decoding=\"async\" width=\"150\" height=\"150\" src=\"https:\/\/drgibransaid.com.br\/wp-content\/uploads\/2025\/06\/PHOTO-2025-06-25-19-33-23-150x150.jpg\" class=\"attachment-thumbnail size-thumbnail wp-image-2190\" alt=\"\" srcset=\"https:\/\/drgibransaid.com.br\/wp-content\/uploads\/2025\/06\/PHOTO-2025-06-25-19-33-23-150x150.jpg 150w, https:\/\/drgibransaid.com.br\/wp-content\/uploads\/2025\/06\/PHOTO-2025-06-25-19-33-23-300x300.jpg 300w, https:\/\/drgibransaid.com.br\/wp-content\/uploads\/2025\/06\/PHOTO-2025-06-25-19-33-23-768x768.jpg 768w, https:\/\/drgibransaid.com.br\/wp-content\/uploads\/2025\/06\/PHOTO-2025-06-25-19-33-23.jpg 1024w\" sizes=\"(max-width: 150px) 100vw, 150px\" \/>\t\t\t\t\t\t\t\t\t\t\t\t\t\t\t<\/div>\n\t\t\t\t<\/div>\n\t\t\t\t<div class=\"elementor-element elementor-element-c225550 elementor-widget elementor-widget-image\" data-id=\"c225550\" data-element_type=\"widget\" data-e-type=\"widget\" data-widget_type=\"image.default\">\n\t\t\t\t<div class=\"elementor-widget-container\">\n\t\t\t\t\t\t\t\t\t\t\t\t\t\t\t<img loading=\"lazy\" decoding=\"async\" width=\"150\" height=\"150\" src=\"https:\/\/drgibransaid.com.br\/wp-content\/uploads\/2025\/06\/PHOTO-2025-06-25-19-33-36-150x150.jpg\" class=\"attachment-thumbnail size-thumbnail wp-image-2191\" alt=\"\" srcset=\"https:\/\/drgibransaid.com.br\/wp-content\/uploads\/2025\/06\/PHOTO-2025-06-25-19-33-36-150x150.jpg 150w, https:\/\/drgibransaid.com.br\/wp-content\/uploads\/2025\/06\/PHOTO-2025-06-25-19-33-36-300x300.jpg 300w, https:\/\/drgibransaid.com.br\/wp-content\/uploads\/2025\/06\/PHOTO-2025-06-25-19-33-36-768x768.jpg 768w, https:\/\/drgibransaid.com.br\/wp-content\/uploads\/2025\/06\/PHOTO-2025-06-25-19-33-36.jpg 1024w\" sizes=\"(max-width: 150px) 100vw, 150px\" \/>\t\t\t\t\t\t\t\t\t\t\t\t\t\t\t<\/div>\n\t\t\t\t<\/div>\n\t\t\t\t<div class=\"elementor-element elementor-element-41812fb elementor-widget elementor-widget-text-editor\" data-id=\"41812fb\" data-element_type=\"widget\" data-e-type=\"widget\" data-widget_type=\"text-editor.default\">\n\t\t\t\t<div class=\"elementor-widget-container\">\n\t\t\t\t\t\t\t\t\t<p>Doen\u00e7a renal polic\u00edstica\u00a0<\/p><p>Condi\u00e7\u00e3o heredit\u00e1ria em que m\u00faltiplos cistos se formam nos rins, comprometendo gradativamente sua fun\u00e7\u00e3o.\u00a0<\/p>\t\t\t\t\t\t\t\t<\/div>\n\t\t\t\t<\/div>\n\t\t\t\t<div class=\"elementor-element elementor-element-1c224bc elementor-widget elementor-widget-text-editor\" data-id=\"1c224bc\" data-element_type=\"widget\" data-e-type=\"widget\" data-widget_type=\"text-editor.default\">\n\t\t\t\t<div class=\"elementor-widget-container\">\n\t\t\t\t\t\t\t\t\t<p>Nefropatia diab\u00e9tica\u00a0<\/p><p>A nefropatia diab\u00e9tica \u00e9 uma complica\u00e7\u00e3o comum do diabetes que afeta os rins, podendo levar \u00e0 perda progressiva da fun\u00e7\u00e3o renal. O controle da glicemia \u00e9 fundamental para prevenir ou retardar seu avan\u00e7o.<\/p>\t\t\t\t\t\t\t\t<\/div>\n\t\t\t\t<\/div>\n\t\t\t\t<div class=\"elementor-element elementor-element-17144f5 elementor-widget elementor-widget-text-editor\" data-id=\"17144f5\" data-element_type=\"widget\" data-e-type=\"widget\" data-widget_type=\"text-editor.default\">\n\t\t\t\t<div class=\"elementor-widget-container\">\n\t\t\t\t\t\t\t\t\t<p>Nefropatia hipertensiva<\/p><p>A press\u00e3o alta \u00e9 uma das principais causas de doen\u00e7a renal. O controle adequado evita danos aos rins e outras complica\u00e7\u00f5es cardiovasculares.<\/p>\t\t\t\t\t\t\t\t<\/div>\n\t\t\t\t<\/div>\n\t\t\t\t\t<\/div>\n\t\t\t\t<\/div>\n\t\t\t\t<\/div>\n\t\t\t\t<\/div>\n\t\t\t\t<\/div>\n\t\t","protected":false},"excerpt":{"rendered":"<p>Condi\u00e7\u00f5es e tratamentos Nesta se\u00e7\u00e3o, voc\u00ea encontra as principais condi\u00e7\u00f5es relacionadas \u00e0 sa\u00fade dos rins que acompanho no consult\u00f3rio.Leia mais [&hellip;]<\/p>\n","protected":false},"author":1,"featured_media":0,"parent":0,"menu_order":0,"comment_status":"closed","ping_status":"closed","template":"","meta":{"site-sidebar-layout":"no-sidebar","site-content-layout":"","ast-site-content-layout":"full-width-container","site-content-style":"default","site-sidebar-style":"default","ast-global-header-display":"","ast-banner-title-visibility":"","ast-main-header-display":"","ast-hfb-above-header-display":"","ast-hfb-below-header-display":"","ast-hfb-mobile-header-display":"","site-post-title":"disabled","ast-breadcrumbs-content":"","ast-featured-img":"disabled","footer-sml-layout":"","theme-transparent-header-meta":"","adv-header-id-meta":"","stick-header-meta":"","header-above-stick-meta":"","header-main-stick-meta":"","header-below-stick-meta":"","astra-migrate-meta-layouts":"default","ast-page-background-enabled":"default","ast-page-background-meta":{"desktop":{"background-color":"var(--ast-global-color-4)","background-image":"","background-repeat":"repeat","background-position":"center center","background-size":"auto","background-attachment":"scroll","background-type":"","background-media":"","overlay-type":"","overlay-color":"","overlay-gradient":""},"tablet":{"background-color":"","background-image":"","background-repeat":"repeat","background-position":"center center","background-size":"auto","background-attachment":"scroll","background-type":"","background-media":"","overlay-type":"","overlay-color":"","overlay-gradient":""},"mobile":{"background-color":"","background-image":"","background-repeat":"repeat","background-position":"center center","background-size":"auto","background-attachment":"scroll","background-type":"","background-media":"","overlay-type":"","overlay-color":"","overlay-gradient":""}},"ast-content-background-meta":{"desktop":{"background-color":"var(--ast-global-color-5)","background-image":"","background-repeat":"repeat","background-position":"center center","background-size":"auto","background-attachment":"scroll","background-type":"","background-media":"","overlay-type":"","overlay-color":"","overlay-gradient":""},"tablet":{"background-color":"var(--ast-global-color-5)","background-image":"","background-repeat":"repeat","background-position":"center center","background-size":"auto","background-attachment":"scroll","background-type":"","background-media":"","overlay-type":"","overlay-color":"","overlay-gradient":""},"mobile":{"background-color":"var(--ast-global-color-5)","background-image":"","background-repeat":"repeat","background-position":"center center","background-size":"auto","background-attachment":"scroll","background-type":"","background-media":"","overlay-type":"","overlay-color":"","overlay-gradient":""}},"_joinchat":[],"footnotes":""},"class_list":["post-274","page","type-page","status-publish","hentry"],"_links":{"self":[{"href":"https:\/\/drgibransaid.com.br\/index.php\/wp-json\/wp\/v2\/pages\/274","targetHints":{"allow":["GET"]}}],"collection":[{"href":"https:\/\/drgibransaid.com.br\/index.php\/wp-json\/wp\/v2\/pages"}],"about":[{"href":"https:\/\/drgibransaid.com.br\/index.php\/wp-json\/wp\/v2\/types\/page"}],"author":[{"embeddable":true,"href":"https:\/\/drgibransaid.com.br\/index.php\/wp-json\/wp\/v2\/users\/1"}],"replies":[{"embeddable":true,"href":"https:\/\/drgibransaid.com.br\/index.php\/wp-json\/wp\/v2\/comments?post=274"}],"version-history":[{"count":128,"href":"https:\/\/drgibransaid.com.br\/index.php\/wp-json\/wp\/v2\/pages\/274\/revisions"}],"predecessor-version":[{"id":2528,"href":"https:\/\/drgibransaid.com.br\/index.php\/wp-json\/wp\/v2\/pages\/274\/revisions\/2528"}],"wp:attachment":[{"href":"https:\/\/drgibransaid.com.br\/index.php\/wp-json\/wp\/v2\/media?parent=274"}],"curies":[{"name":"wp","href":"https:\/\/api.w.org\/{rel}","templated":true}]}}